{"id":6516,"date":"2015-03-14T17:42:05","date_gmt":"2015-03-14T16:42:05","guid":{"rendered":"http:\/\/zsjarosovnn.cz\/?page_id=6516"},"modified":"2026-02-16T14:02:30","modified_gmt":"2026-02-16T13:02:30","slug":"zapis-do-ms","status":"publish","type":"page","link":"http:\/\/zsjarosovnn.cz\/?page_id=6516","title":{"rendered":"Z\u00e1pis do M\u0160"},"content":{"rendered":"<p><strong>DOKUMENTY KE STA\u017dEN\u00cd:<\/strong><\/p>\n<p><a href=\"http:\/\/zsjarosovnn.cz\/wp-content\/uploads\/2016\/04\/EL-1.pdf\">Eviden\u010dn\u00ed list<\/a><\/p>\n<p><a href=\"http:\/\/zsjarosovnn.cz\/wp-content\/uploads\/2026\/02\/Prihlaska-k-predskolnimu-vzdelavani.pdf\">P\u0159ihl\u00e1\u0161ka k p\u0159ed\u0161koln\u00edmu vzd\u011bl\u00e1v\u00e1n\u00ed<\/a><\/p>\n<p><a href=\"http:\/\/zsjarosovnn.cz\/wp-content\/uploads\/2026\/02\/Kriteria-prijimani-deti-do-MS.pdf\">Krit\u00e9ria p\u0159ij\u00edm\u00e1n\u00ed d\u011bt\u00ed do M\u0160<\/a><\/p>\n<p>&nbsp;<\/p>\n<p>&nbsp;<\/p>\n<p>&nbsp;<\/p>\n<p>&nbsp;<\/p>\n<p>&nbsp;<\/p>\n<p>&nbsp;<\/p>\n<p>&nbsp;<\/p>\n<p>&nbsp;<\/p>\n","protected":false},"excerpt":{"rendered":"<p>DOKUMENTY KE STA\u017dEN\u00cd: Eviden\u010dn\u00ed list P\u0159ihl\u00e1\u0161ka k p\u0159ed\u0161koln\u00edmu vzd\u011bl\u00e1v\u00e1n\u00ed Krit\u00e9ria p\u0159ij\u00edm\u00e1n\u00ed d\u011bt\u00ed do M\u0160 &nbsp; &nbsp; &nbsp; &nbsp; &nbsp; &nbsp; &nbsp; &nbsp;<\/p>\n","protected":false},"author":2,"featured_media":0,"parent":0,"menu_order":0,"comment_status":"closed","ping_status":"closed","template":"","meta":{"ngg_post_thumbnail":0},"_links":{"self":[{"href":"http:\/\/zsjarosovnn.cz\/index.php?rest_route=\/wp\/v2\/pages\/6516"}],"collection":[{"href":"http:\/\/zsjarosovnn.cz\/index.php?rest_route=\/wp\/v2\/pages"}],"about":[{"href":"http:\/\/zsjarosovnn.cz\/index.php?rest_route=\/wp\/v2\/types\/page"}],"author":[{"embeddable":true,"href":"http:\/\/zsjarosovnn.cz\/index.php?rest_route=\/wp\/v2\/users\/2"}],"replies":[{"embeddable":true,"href":"http:\/\/zsjarosovnn.cz\/index.php?rest_route=%2Fwp%2Fv2%2Fcomments&post=6516"}],"version-history":[{"count":43,"href":"http:\/\/zsjarosovnn.cz\/index.php?rest_route=\/wp\/v2\/pages\/6516\/revisions"}],"predecessor-version":[{"id":60583,"href":"http:\/\/zsjarosovnn.cz\/index.php?rest_route=\/wp\/v2\/pages\/6516\/revisions\/60583"}],"wp:attachment":[{"href":"http:\/\/zsjarosovnn.cz\/index.php?rest_route=%2Fwp%2Fv2%2Fmedia&parent=6516"}],"curies":[{"name":"wp","href":"https:\/\/api.w.org\/{rel}","templated":true}]}}