{"id":97,"date":"2013-11-07T22:21:35","date_gmt":"2013-11-07T21:21:35","guid":{"rendered":"http:\/\/zsjarosovnn.cz\/?page_id=97"},"modified":"2024-06-30T09:45:14","modified_gmt":"2024-06-30T08:45:14","slug":"o-skole","status":"publish","type":"page","link":"http:\/\/zsjarosovnn.cz\/?page_id=97","title":{"rendered":"O \u0161kole"},"content":{"rendered":"<p style=\"text-align: justify;\">Z\u00e1kladn\u00ed \u0161kola a Mate\u0159sk\u00e1 \u0161kola Jaro\u0161ov nad Ne\u017e\u00e1rkou poskytuje vzd\u011bl\u00e1v\u00e1n\u00ed \u017e\u00e1k\u016fm 1. stupn\u011b. Vyu\u010duje se ve t\u0159ech t\u0159\u00edd\u00e1ch. Od 1.1. 2003, kdy se \u0161kola stala pr\u00e1vn\u00edm subjektem \u2013 p\u0159\u00edsp\u011bvkovou organizac\u00ed, jsou sou\u010d\u00e1st\u00ed \u0161koly tak\u00e9 mate\u0159sk\u00e1 \u0161kola, \u0161koln\u00ed dru\u017eina a \u0161koln\u00ed j\u00eddelna.<\/p>\n<p><a href=\"https:\/\/zsjarosovnn.cz\/?page_id=50036\">Prezentace \u0161koly<\/a><\/p>\n<p>&nbsp;<\/p>\n<p style=\"text-align: justify;\"><b>HISTORIE \u0160KOLY<\/b><\/p>\n<p style=\"text-align: justify;\">Prvn\u00ed zm\u00ednka o \u0161kole v&nbsp;Jaro\u0161ov\u011b nad Ne\u017e\u00e1rkou je u\u017e z&nbsp;roku 1670.<\/p>\n<p style=\"text-align: justify;\">Od 18. stolet\u00ed a\u017e do roku 1959 st\u00e1la budova \u0161koly uprost\u0159ed obce u \u0159eky Ne\u017e\u00e1rky.<\/p>\n<p style=\"text-align: justify;\">Slavnostn\u00edho otev\u0159en\u00ed nov\u00e9 \u0161koln\u00ed budovy postaven\u00e9 na konci obce se \u017e\u00e1ci a \u0161irok\u00e1 ve\u0159ejnost do\u010dkali v&nbsp;prosinci roku 1959. Zde se vyu\u010duje i v&nbsp;sou\u010dasn\u00e9 dob\u011b.<\/p>\n<p style=\"text-align: justify;\">Od 1. 1. 2003 je Z\u00e1kladn\u00ed \u0161kola a Mate\u0159sk\u00e1 \u0161kola Jaro\u0161ov nad Ne\u017e\u00e1rkou p\u0159\u00edsp\u011bvkovou organizac\u00ed s&nbsp;pr\u00e1vn\u00ed subjektivitou. Jej\u00edm z\u0159izovatelem je Obec Jaro\u0161ov nad Ne\u017e\u00e1rkou. Od roku 2005 zde pracuje \u0161esti\u010dlenn\u00e1 \u0161kolsk\u00e1 rada.<\/p>\n<p style=\"text-align: justify;\"><b>SOU\u010cASNOST<\/b><b><\/b><\/p>\n<p style=\"text-align: justify;\">Z\u00e1kladn\u00ed \u0161kola v&nbsp;Jaro\u0161ov\u011b nad Ne\u017e\u00e1rkou je m\u00e1lot\u0159\u00eddn\u00ed \u0161kolou s&nbsp;1.\u20135. postupn\u00fdm ro\u010dn\u00edkem, rozd\u011blen\u00e1 do t\u0159\u00ed t\u0159\u00edd. Jeden ro\u010dn\u00edk je v\u017edy samostatn\u00fd (obvykle prvn\u00ed), dal\u0161\u00ed ro\u010dn\u00edky spojujeme po dvou do jedn\u00e9 t\u0159\u00eddy podle po\u010dtu \u017e\u00e1k\u016f v&nbsp;dan\u00e9m \u0161koln\u00edm roce.&nbsp; Jsme \u0161kolou rodinn\u00e9ho typu.<\/p>\n<p style=\"text-align: justify;\">Na\u0161i \u0161kolu nav\u0161t\u011bvuj\u00ed p\u0159ev\u00e1\u017en\u011b \u017e\u00e1ci z&nbsp;Jaro\u0161ova nad Ne\u017e\u00e1rkou, ale je tak\u00e9 sp\u00e1dovou \u0161kolou pro okoln\u00ed vesnice \u2013 Bedn\u00e1re\u010dek, Bedn\u00e1rec, Host\u011bjeves, Mat\u011bjovec, P\u00fdchov, Kamenn\u00fd Mal\u00edkov a Zde\u0161ov. \u0160kola se nach\u00e1z\u00ed asi 8 km od okresn\u00edho m\u011bsta Jind\u0159ich\u016fv Hradec, kter\u00e9 je z&nbsp;na\u0161\u00ed obce velmi dob\u0159e dostupn\u00e9 (autobusov\u00e9 i vlakov\u00e9 spojen\u00ed).<\/p>\n<p style=\"text-align: justify;\">Po ukon\u010den\u00ed 5. ro\u010dn\u00edku odch\u00e1zej\u00ed \u017e\u00e1ci na 2. stupe\u0148 do z\u00e1kladn\u00edch \u0161kol v&nbsp;Jind\u0159ichov\u011b Hradci, n\u011bkte\u0159\u00ed \u017e\u00e1ci \u00fasp\u011b\u0161n\u011b pokra\u010duj\u00ed na osmilet\u00e9m gymn\u00e1ziu takt\u00e9\u017e v&nbsp;Jind\u0159ichov\u011b Hradci.<\/p>\n<p style=\"text-align: justify;\">Sou\u010d\u00e1st\u00ed \u0161koly jsou dv\u011b odd\u011blen\u00ed \u0161koln\u00ed dru\u017einy v&nbsp;budov\u011b \u0161koly s&nbsp;kapacitou 40 \u017e\u00e1k\u016f, mate\u0159sk\u00e1 \u0161kola s&nbsp;kapacitou 60 \u017e\u00e1k\u016f a \u0161koln\u00ed j\u00eddelna pro 150 str\u00e1vn\u00edk\u016f. \u0160kola je postavena na kapacitu 70 \u017e\u00e1k\u016f. \u0160koln\u00ed j\u00eddelna i mate\u0159sk\u00e1 \u0161kola jsou v&nbsp;samostatn\u00fdch budov\u00e1ch v&nbsp;t\u011bsn\u00e9 bl\u00edzkosti z\u00e1kladn\u00ed \u0161koly. V\u0161echny budovy se nach\u00e1zej\u00ed na kopci na konci obce Jaro\u0161ov nad Ne\u017e\u00e1rkou (sm\u011br Strmilov).<\/p>\n<p style=\"text-align: justify;\">Vzhledem k&nbsp;poloze obce Jaro\u0161ov nad Ne\u017e\u00e1rkou, kter\u00e1 le\u017e\u00ed v&nbsp;z\u00e1padn\u00ed \u010d\u00e1sti \u010ceskomoravsk\u00e9 vrchoviny v&nbsp;p\u016fvabn\u00e9, m\u00edrn\u011b zvln\u011bn\u00e9 krajin\u011b s&nbsp;mnoha rybn\u00edky v&nbsp;okol\u00ed, na soutoku \u0159ek Kamenice a \u017dirovnice, je \u017eivot v&nbsp;na\u0161\u00ed \u0161kole po cel\u00fd rok spjat s&nbsp;okoln\u00ed p\u0159\u00edrodou. Za p\u0159\u00edzniv\u00e9ho po\u010das\u00ed prob\u00edh\u00e1 v\u00fduka p\u0159\u00edmo v&nbsp;p\u0159\u00edrod\u011b. Na vych\u00e1zky chod\u00edme nejen v&nbsp;r\u00e1mci p\u0159\u00edrodov\u011bdy, prvouky a vlastiv\u011bdy, ale i v&nbsp;hodin\u00e1ch t\u011blesn\u00e9 \u010di v\u00fdtvarn\u00e9 v\u00fdchovy d\u00e1v\u00e1me p\u0159ednost v\u00fduce na \u010derstv\u00e9m vzduchu. Bl\u00edzkost p\u0159\u00edrody vyu\u017e\u00edv\u00e1me nejen p\u0159i vyu\u010dov\u00e1n\u00ed a o p\u0159est\u00e1vk\u00e1ch, ale je sem sm\u011brov\u00e1na z&nbsp;velk\u00e9 \u010d\u00e1sti i \u010dinnost \u0161koln\u00ed dru\u017einy.<\/p>\n<p>&nbsp;<\/p>\n","protected":false},"excerpt":{"rendered":"<p>Z\u00e1kladn\u00ed \u0161kola a Mate\u0159sk\u00e1 \u0161kola Jaro\u0161ov nad Ne\u017e\u00e1rkou poskytuje vzd\u011bl\u00e1v\u00e1n\u00ed \u017e\u00e1k\u016fm 1. stupn\u011b. Vyu\u010duje se ve t\u0159ech t\u0159\u00edd\u00e1ch. Od 1.1. 2003, kdy se \u0161kola stala pr\u00e1vn\u00edm subjektem \u2013 p\u0159\u00edsp\u011bvkovou organizac\u00ed, jsou sou\u010d\u00e1st\u00ed \u0161koly tak\u00e9 mate\u0159sk\u00e1 \u0161kola, \u0161koln\u00ed dru\u017eina a \u0161koln\u00ed j\u00eddelna. Prezentace \u0161koly &nbsp; HISTORIE \u0160KOLY Prvn\u00ed zm\u00ednka o \u0161kole v&nbsp;Jaro\u0161ov\u011b nad Ne\u017e\u00e1rkou je u\u017e<span class=\"more-excerpt\"><a class=\"more-excerpt-link\" href=\"http:\/\/zsjarosovnn.cz\/?page_id=97\"> (continue reading&#8230;)  <\/a><\/span><\/p>\n","protected":false},"author":2,"featured_media":0,"parent":0,"menu_order":1,"comment_status":"closed","ping_status":"closed","template":"","meta":{"ngg_post_thumbnail":0},"_links":{"self":[{"href":"http:\/\/zsjarosovnn.cz\/index.php?rest_route=\/wp\/v2\/pages\/97"}],"collection":[{"href":"http:\/\/zsjarosovnn.cz\/index.php?rest_route=\/wp\/v2\/pages"}],"about":[{"href":"http:\/\/zsjarosovnn.cz\/index.php?rest_route=\/wp\/v2\/types\/page"}],"author":[{"embeddable":true,"href":"http:\/\/zsjarosovnn.cz\/index.php?rest_route=\/wp\/v2\/users\/2"}],"replies":[{"embeddable":true,"href":"http:\/\/zsjarosovnn.cz\/index.php?rest_route=%2Fwp%2Fv2%2Fcomments&post=97"}],"version-history":[{"count":13,"href":"http:\/\/zsjarosovnn.cz\/index.php?rest_route=\/wp\/v2\/pages\/97\/revisions"}],"predecessor-version":[{"id":50049,"href":"http:\/\/zsjarosovnn.cz\/index.php?rest_route=\/wp\/v2\/pages\/97\/revisions\/50049"}],"wp:attachment":[{"href":"http:\/\/zsjarosovnn.cz\/index.php?rest_route=%2Fwp%2Fv2%2Fmedia&parent=97"}],"curies":[{"name":"wp","href":"https:\/\/api.w.org\/{rel}","templated":true}]}}

O škole

<p style="text-align: justify;">Základní škola a Mateřská škola Jarošov nad Nežárkou poskytuje vzdělávání žákům 1. stupně. Vyučuje se ve třech třídách. Od 1.1. 2003, kdy se škola stala právním subjektem – příspěvkovou organizací, jsou součástí školy také mateřská škola, školní družina a školní jídelna.</p>
<p><a href="https://zsjarosovnn.cz/?page_id=50036">Prezentace školy</a></p>
<p>&nbsp;</p>
<p style="text-align: justify;"><b>HISTORIE ŠKOLY</b></p>
<p style="text-align: justify;">První zmínka o škole v&nbsp;Jarošově nad Nežárkou je už z&nbsp;roku 1670.</p>
<p style="text-align: justify;">Od 18. století až do roku 1959 stála budova školy uprostřed obce u řeky Nežárky.</p>
<p style="text-align: justify;">Slavnostního otevření nové školní budovy postavené na konci obce se žáci a široká veřejnost dočkali v&nbsp;prosinci roku 1959. Zde se vyučuje i v&nbsp;současné době.</p>
<p style="text-align: justify;">Od 1. 1. 2003 je Základní škola a Mateřská škola Jarošov nad Nežárkou příspěvkovou organizací s&nbsp;právní subjektivitou. Jejím zřizovatelem je Obec Jarošov nad Nežárkou. Od roku 2005 zde pracuje šestičlenná školská rada.</p>
<p style="text-align: justify;"><b>SOUČASNOST</b><b></b></p>
<p style="text-align: justify;">Základní škola v&nbsp;Jarošově nad Nežárkou je málotřídní školou s&nbsp;1.–5. postupným ročníkem, rozdělená do tří tříd. Jeden ročník je vždy samostatný (obvykle první), další ročníky spojujeme po dvou do jedné třídy podle počtu žáků v&nbsp;daném školním roce.&nbsp; Jsme školou rodinného typu.</p>
<p style="text-align: justify;">Naši školu navštěvují převážně žáci z&nbsp;Jarošova nad Nežárkou, ale je také spádovou školou pro okolní vesnice – Bednáreček, Bednárec, Hostějeves, Matějovec, Pýchov, Kamenný Malíkov a Zdešov. Škola se nachází asi 8 km od okresního města Jindřichův Hradec, které je z&nbsp;naší obce velmi dobře dostupné (autobusové i vlakové spojení).</p>
<p style="text-align: justify;">Po ukončení 5. ročníku odcházejí žáci na 2. stupeň do základních škol v&nbsp;Jindřichově Hradci, někteří žáci úspěšně pokračují na osmiletém gymnáziu taktéž v&nbsp;Jindřichově Hradci.</p>
<p style="text-align: justify;">Součástí školy jsou dvě oddělení školní družiny v&nbsp;budově školy s&nbsp;kapacitou 40 žáků, mateřská škola s&nbsp;kapacitou 60 žáků a školní jídelna pro 150 strávníků. Škola je postavena na kapacitu 70 žáků. Školní jídelna i mateřská škola jsou v&nbsp;samostatných budovách v&nbsp;těsné blízkosti základní školy. Všechny budovy se nacházejí na kopci na konci obce Jarošov nad Nežárkou (směr Strmilov).</p>
<p style="text-align: justify;">Vzhledem k&nbsp;poloze obce Jarošov nad Nežárkou, která leží v&nbsp;západní části Českomoravské vrchoviny v&nbsp;půvabné, mírně zvlněné krajině s&nbsp;mnoha rybníky v&nbsp;okolí, na soutoku řek Kamenice a Žirovnice, je život v&nbsp;naší škole po celý rok spjat s&nbsp;okolní přírodou. Za příznivého počasí probíhá výuka přímo v&nbsp;přírodě. Na vycházky chodíme nejen v&nbsp;rámci přírodovědy, prvouky a vlastivědy, ale i v&nbsp;hodinách tělesné či výtvarné výchovy dáváme přednost výuce na čerstvém vzduchu. Blízkost přírody využíváme nejen při vyučování a o přestávkách, ale je sem směrována z&nbsp;velké části i činnost školní družiny.</p>
<p>&nbsp;</p>

<p>Základní škola a Mateřská škola Jarošov nad Nežárkou poskytuje vzdělávání žákům 1. stupně. Vyučuje se ve třech třídách. Od 1.1. 2003, kdy se škola stala právním subjektem – příspěvkovou organizací, jsou součástí školy také mateřská škola, školní družina a školní jídelna. Prezentace školy &nbsp; HISTORIE ŠKOLY První zmínka o škole v&nbsp;Jarošově nad Nežárkou je už<span class="more-excerpt"><a class="more-excerpt-link" href="http://zsjarosovnn.cz/?page_id=97"> (continue reading&#8230;)  </a></span></p>
